is 564 + 10?
574
In base 13, what is -2 + 338?
336
In base 8, what is 0 - 150?
-150
In base 9, what is 1 + 2101?
2102
In base 8, what is 4 - 14?
-10
In base 5, what is 30200 - -10?
30210
In base 13, what is -23 + -27?
-4a
In base 5, what is 432 + -1?
431
In base 6, what is -2002 + -10?
-2012
In base 2, what is 0 - 1000?
-1000
In base 3, what is 120222 + 220?
121212
In base 11, what is 4 + 1074?
1078
In base 16, what is -158 + 4?
-154
In base 13, what is 558 - 2?
556
In base 6, what is 0 + 12?
12
In base 3, what is -100202 - 1?
-100210
In base 15, what is -8 - 9?
-12
In base 14, what is 2 - -41?
43
In base 7, what is -23 - -3?
-20
In base 14, what is -7 - 383?
-38a
In base 10, what is -2 + -2792?
-2794
In base 9, what is -368 + -7?
-376
In base 4, what is -12 - 3031?
-3103
In base 13, what is -136 - -19?
-11a
In base 14, what is -cb6 - -1?
-cb5
In base 14, what is 1b + -3b6?
-399
In base 12, what is -6 + 96?
90
In base 3, what is -100120111 + 0?
-100120111
In base 4, what is 100 + 1021?
1121
In base 14, what is -3 - c1a?
-c1d
In base 10, what is -12 + -13?
-25
In base 12, what is 3a46 - 0?
3a46
In base 15, what is -104a - 4?
-104e
In base 11, what is 3027 + 0?
3027
In base 8, what is 1246 + 3?
1251
In base 4, what is 31 - -220?
311
In base 2, what is 100 + -110?
-10
In base 14, what is 88 + 10?
98
In base 7, what is -22 + -51?
-103
In base 11, what is 19 - -6?
24
In base 13, what is 24 + -6?
1b
In base 8, what is -11 + -27?
-40
In base 5, what is 311 + 23?
334
In base 5, what is 1 + -132?
-131
In base 3, what is 12 + -21010?
-20221
In base 10, what is 4 - 60?
-56
In base 12, what is 38 - 318?
-2a0
In base 5, what is 1 - 311?
-310
In base 12, what is 3 - 5883?
-5880
In base 10, what is -20 - 5?
-25
In base 6, what is -5 - -22?
13
In base 4, what is -10303 - -3?
-10300
In base 2, what is -1101000111001 + 101?
-1101000110100
In base 5, what is -4 - -1223?
1214
In base 7, what is 4 + -113?
-106
In base 2, what is 11011111 + 1101?
11101100
In base 16, what is -a5f + -5?
-a64
In base 6, what is 4 - 1240?
-1232
In base 11, what is -3 + -337?
-33a
In base 3, what is -21 + 1110?
1012
In base 3, what is -111 + 122?
11
In base 6, what is 1 - 1113?
-1112
In base 16, what is 0 + -2d?
-2d
In base 15, what is 3e + d?
4c
In base 6, what is -20 - -41?
21
In base 2, what is 101110010101101 + 10?
101110010101111
In base 12, what is 709 - -5?
712
In base 12, what is -5 - 87a?
-883
In base 15, what is -1 + 85?
84
In base 7, what is -1 + -31?
-32
In base 12, what is -2a - -64?
36
In base 10, what is 30 - -63?
93
In base 4, what is 3 - -102?
111
In base 13, what is 359 + -4?
355
In base 6, what is -30 + -24?
-54
In base 8, what is 13020 + 3?
13023
In base 8, what is -11 + -32?
-43
In base 8, what is -4 - 2431?
-2435
In base 6, what is 10 + 15?
25
In base 6, what is -4 - 14110?
-14114
In base 9, what is -8 + 372?
363
In base 3, what is -2000202 + -2?
-2000211
In base 14, what is 4 - 383?
-37d
In base 16, what is 3 - -306?
309
In base 6, what is 0 + 11210?
11210
In base 9, what is 123 + 11?
134
In base 5, what is -2 + 430?
423
In base 16, what is -184 - 5?
-189
In base 15, what is 5da7 + 4?
5dab
In base 13, what is 4 + 1892?
1896
In base 6, what is 531 - -15?
550
In base 7, what is 32212 - -2?
32214
In base 2, what is -1 + 111?
110
In base 16, what is -6b + 5?
-66
In base 7, what is 145 + 10?
155
In base 14, what is -10 + -1cc?
-1dc
In base 9, what is 5 - -2853?
2858
In base 5, what is -40 + 3213?
3123
In base 10, what is -795 - -3?
-792
In base 6, what is -12 + 20?
4
In base 2, what is -1 + 10101?
10100
In base 11, what is 671 - -4?
675
In base 15, what is 35 + -5?
30
In base 10, what is 11 + 2?
13
In base 14, what is 2 - -49b?
49d
In base 11, what is 5 - 489?
-484
In base 11, what is 13 - -2a6?
309
In base 10, what is -15 + -143?
-158
In base 9, what is -10 + -2526?
-2536
In base 7, what is -262 - 45?
-340
In base 14, what is -9 + 79?
70
In base 2, what is -1110100 + 111?
-1101101
In base 13, what is 32cb + 1?
32cc
In base 2, what is -110 + 0?
-110
In base 4, what is 3202 - 0?
3202
In base 16, what is -3 - -84?
81
In base 9, what is 41 - 0?
41
In base 7, what is -2100 + -20?
-2120
In base 12, what is -222 + -30?
-252
In base 13, what is 4612 - 3?
460c
In base 3, what is -10 - 22?
-102
In base 2, what is 1101 - 110101?
-101000
In base 16, what is -46f - 3?
-472
In base 13, what is -1c4 + 13?
-1b1
In base 5, what is 23 + -24?
-1
In base 16, what is 0 + -24?
-24
In base 13, what is 1 + -32?
-31
In base 3, what is 2 + 212?
221
In base 11, what is -2 - 252?
-254
In base 11, what is 10 - 1724?
-1714
In base 16, what is 124 + 5?
129
In base 16, what is -9 - 4f?
-58
In base 6, what is -13254 - -2?
-13252
In base 12, what is 0 + 27?
27
In base 15, what is -3 + 5c?
59
In base 5, what is 2113 - 4?
2104
In base 8, what is 4 + -136?
-132
In base 11, what is 882 - -4?
886
In base 6, what is -444 + 121?
-323
In base 16, what is 169 - 12?
157
In base 3, what is 10 + -12000?
-11220
In base 16, what is d0 - -17?
e7
In base 12, what is -25 + -5?
-2a
In base 3, what is 2 - -11120?
11122
In base 2, what is -1101 - -1110001?
1100100
In base 12, what is -3a - -6?
-34
In base 5, what is -2110 + 1?
-2104
In base 12, what is -16 + -2b3?
-309
In base 7, what is -44 - 13?
-60
In base 15, what is 2 + 4?
6
In base 5, what is 23201 + -10?
23141
In base 7, what is 6 + 133?
142
In base 10, what is 64 + 3?
67
In base 2, what is 101001 + -101?
100100
In base 6, what is 4 + 31?
35
In base 7, what is -3 + -12533?
-12536
In base 3, what is 1021 + -22?
222
In base 13, what is -5 - -63?
5b
In base 2, what is 101010 - 1011010?
-110000
In base 15, what is -10 + 5?
-a
In base 11, what is 57 - 0?
57
In base 4, what is 3 - 1120?
-1111
In base 7, what is 2042 + 2?
2044
In base 11, what is -67 - -167?
100
In base 2, what is 0 - 1000000?
-1000000
In base 8, what is -40 - -6?
-32
In base 16, what is 7e + 4?
82
In base 6, what is 20 + -403?
-343
In base 15, what is 30 - 18?
17
In base 4, what is -20 + -11310?
-11330
In base 5, what is 101 - -1222?
1323
In base 11, what is -735 + -5?
-73a
In base 4, what is 3220 - 1?
3213
In base 12, what is 5 - 9b?
-96
In base 6, what is -253 + 4?
-245
In base 2, what is 1011000010001 - -1?
1011000010010
In base 2, what is -10110 + 11000?
10
In base 3, what is 1210021 - 0?
1210021
In base 8, what is 3 + 231?
234
In base 7, what is -4 - -16?
12
In base 9, what is -722 + 20?
-702
In base 15, what is -5 + 34?
2e
In base 8, what is -230 - 0?
-230
In base 12, what is -96 + 7?
-8b
In base 11, what is -5 + -18a?
-194
In base 7, what is -4525 - 6?
-4534
In base 14, what is -99a + -5?
-9a1
In base 2, what is 111000010 - -11?
111000101
In base 5, what is -4 + 10344?
10340
In base 12, what is -5 - 76?
-7b
In base 13, what is 3 - -99c?
9a2
In base 13, what is -5 + -13a?
-142
In base 6, what is -2353 + 2?
-2351
In base 8, what is -2 + 37?
35
In base 11, what is 0 - 29?
-29
In base 7, what is 53135 - 0?
53135
In base 11, what is 22 - -4?
26
In base 6, what is 15 + -3351?
-3332
In base 16, what is 90 - -3?
93
In base 13, what is 2c + 99?
c8
In base 10, what is -694 - 2?
-696
In base 9, what is -1 - 2330?
-2331
In base 13, what is 1a - 81?
-64
In base 9, what is 4 - 32?
-27
In base 11, what is -6 + 22?
17
In base 4, what is 11 - 1123?
-1112
In base 15, what is 162 + 5?
167
In base 16, what is 281 - 1?
280
In base 4, what is 1 + 11323?
11330
In base 8, what is 5121 - -5?
5126
In base 15, what is -17 + -40?
-57
In base 3, what is 110 + 1112?
1222
In base 10, what is -1 + 8?
7
In base 16, what is 15ca + -4?
15c6
In base 4, what is 1232 + 212?
2110
In base 7, what is 3 - 523?
-520
In base 11, what is -5 + -7a?
-84
In base 9, what is 0 + -47?
-47
In base 7, what is -505 - -3?
-502
In base 3, what is -2100 + 2?
-2021
In base 4, what is -23 - -1?
-22
In base 9, what is -1234 + -5?
-1240
In base 13, what is -4 - 0?
-4
In base 9, what is -8 - -168?
160
In base 11, what is -3598 + 5?
-3593
In base 11, what is 4 - 104?
-100
In base 12, what is 2b1 - -20?
311
In base 15, what is -9 + -2be?
-2c8
In base 11, what is 0 - -31?
31
In base 3, what is -121 + 22211?
22020
In base 11, what is -340 + -2?
-342
In base 9, what is -4 - 47?
-52
In base 2, what is 11110 + 100011?
1000001
In base 7, what is 2 - 65?
-63
I